6 + (4 + -9 - -12)
1
Evaluate 2 - 1 - (-14 + 47 + -27).
-5
Evaluate -19 + 1 + 0 - (-431 + 423) - -17.
7
Calculate -6 - (-3 + 2 + -2) - (11 + -16).
2
Evaluate 4 + (-2 - 44 - -36).
-6
What is -3 + 2 - (6 - 4)?
-3
What is 1 + (4 - (5 + 2)) + 19?
17
Calculate 161 + -126 + (0 - 17).
18
1 + (-3 - 5) + 4 + 3 - 0
0
Evaluate -8 + (-8 - ((3 - 28) + 3)) - 4.
2
What is the value of (159 - 162) + (-2 - -12)?
7
What is the value of 0 + 1 - (-1047 + 1046)?
2
6 + -17 + 9 + -4 + 4 + 1
-1
What is 7 + -1 + (10 - (-11 - -11))?
16
(-1 - -1) + (-15 - -11)
-4
Calculate (-28 + 35 - 33) + (-1 - 0 - 0).
-27
Evaluate -33 + 54 + -24 - (-8 + 0).
5
(-15 - -1 - (74 + -82)) + -6
-12
Evaluate 3 - 15 - (0 + -1 + (-3 - -3)).
-11
Calculate -25 + 29 + -3 - (-4 - -1).
4
29 + (-49 - -1) + 8 + 0
-11
Calculate -3 + 14 + 8 + -6 + 1.
14
Evaluate -11 + (17 - 31) + 28.
3
Evaluate (-2 - (8 - 6)) + (2 - 6 - 3).
-11
What is the value of (-5 - -4) + -5 + -1 + (1 - 3)?
-9
Calculate -19 + -10 + (-14 - -46).
3
2 + 11 + (1 - 0) + (-223 - -220)
11
-1 + 7 + (9 + -3 + -10 - -18)
20
Evaluate 42 - (-5 + 16) - 14.
17
What is (-1 - -3) + 105 + -101?
6
What is -4 + (13 - 5) - (-10 - (-24 - -15))?
5
What is the value of -13 - (-4 + 2 + (-6 - (-5 + -2)))?
-12
Evaluate 27 - ((-10 + -1 - -7) + (36 - 40)).
35
What is the value of 37 - 23 - (7 + (-4 - -4))?
7
Evaluate -11 + 10 + 4 + -4.
-1
What is (43 - (-24 + 44)) + -12?
11
What is -10 + (8 - -12) - 8?
2
Calculate -9 + 12 + 5 - (34 + -44).
18
What is the value of 17 - (15 + (16 - 23))?
9
What is the value of (1 - 22) + (-1 - -2) + 9329 + -9328?
-19
What is 9 + -2 + 33 + -58 + 12?
-6
What is the value of -5 - (-20 + 22 + -11)?
4
-11 + 1 + 5 + 4 - -5
4
Evaluate (92 - 109) + -3 + (4 - 2).
-18
Evaluate -15 - (6 + -11) - (14 - -2).
-26
What is (0 - (-5 - -14)) + 4?
-5
What is (0 + -2 - -6) + -8 - (-1 + 0)?
-3
Evaluate 2 + 5 - (-25 + 12 - -20).
0
What is the value of (21 - 0) + -93 + 93?
21
What is 3 - (5 + -7 - (-4 + 0) - 10)?
11
Evaluate ((-3 - -16) + 0 - 3) + (-118 - -116).
8
Calculate 25 + 4 + -7 + 4 + -9 + -4.
13
Evaluate 14 + (0 - -6) + (-9 - 13 - -14).
12
Calculate -8 - (7 - -4 - -2).
-21
Calculate 629 - 622 - (-1 + -6 + -1).
15
Calculate 1 + 17 - (14 - 9).
13
Calculate -10 - ((-14 - -7) + 4).
-7
Calculate -7 + 2 + 20 + 1 + -8.
8
Calculate (-32 - -32 - (-2 + 4 + -6)) + 5.
9
Evaluate 15 + 5 + -4 - 4.
12
5 + -82 - -39 - -16
-22
Calculate (2 - -5) + (-7 + 21 - 12).
9
What is (-39 - -24) + 36 - 4?
17
Calculate -3 + 4 + 12 + -8 + -7.
-2
(19 - (1 + 0)) + 7 + (-24 - -11)
12
Evaluate -10 + 6 + 11 + -16 + 14.
5
What is the value of -6 + 1 + -5 - (-30 - (-26 + 4))?
-2
Calculate 9 + (8 - 21 - (-16 - -2)).
10
Evaluate 12 + 3 - (64 + -46).
-3
Calculate 18 + -26 + 34 + -17.
9
What is (-21 - (-39 + 18)) + -2?
-2
(1 - 7 - 3) + 15 - 17
-11
Evaluate 9 + (15 - (-1 - (11 + 4 - 11))).
29
What is the value of -6 - (8 + 6 - 8 - (5 - 0))?
-7
What is the value of (-23 - -2) + -6 + 0 + -9 + 5?
-31
What is -134 - -115 - (-26 + 0)?
7
Calculate 2 + -23 + -5 + (4 - -4) + -1.
-19
-276 - -285 - (1 + -2)
10
What is the value of -6 + (1 - -1 - 13) + (10 - 20)?
-27
Calculate 2 + -1 + (46 - 35) + (-1 - -8).
19
Calculate (3 - 14) + (-8 - -1 - 5 - -2).
-21
What is -13 - ((-23 - -16) + -11)?
5
What is -1 - -11 - (3 + -13 - -37)?
-17
What is the value of (-22 - -18) + -3 + -8 + 6?
-9
Calculate 3 + -15 + 7 - -10 - 2.
3
What is 4 + (-25 + 7 - -7) + 1 - -12?
6
What is -1 - (-1 - -21) - -6?
-15
What is the value of 5 - (-2 + (5 - (-4 - -10)) + 2)?
6
Calculate -34 + 98 + -25 + (3 - 14).
28
-18 - (-2 + (-10 - ((-38 - -9) + 6)))
-29
(-27 - -22 - -28) + -41
-18
What is 31 - (4 + (-25 - -46))?
6
What is the value of 104 + -116 + (16 - -1)?
5
-13 + 17 + -17 - 4
-17
0 - 10 - (-9 + (41 - -5 - 19))
-28
What is the value of (22 - -24) + -33 - (-8 - -1)?
20
What is (-8 - 11 - -3) + -4?
-20
What is -13 + (-14 - -13 - -13)?
-1
What is (-150 - -148) + (4 - 0)?
2
What is the value of -1 - 7 - (-2 - 3 - (-141 - -140))?
-4
What is the value of ((-9 - -5) + 5 - -18) + (-5 - 3)?
11
Calculate (-6 - -3) + (2 - 3) + (-47 - -39).
-12
What is the value of 23 + -9 + -14 + (4 + -5 - 3)?
-4
What is the value of 2 + (-12 + 10 - (-1 + -4)) + -1?
4
-23 - (18 - (42 - 22) - (6 + -1))
-16
1 - (-6 - (4 - -6)) - (10 - 8)
15
395 + -381 + 1 + -28
-13
What is the value of (6 + -4 + 2 - 6) + -7 + -3?
-12
Calculate -23 - 5 - (-32 + 15 + 12).
-23
(-16 - 21) + 29 - 2
-10
What is (6 + 5 - (-4 - -17)) + (-14 - -3)?
-13
What is -22 + 1 - (222 - 217)?
-26
Evaluate (2 - -1) + 1 + -3 + -9 + -2.
-10
What is the value of 12 + 1 + -20 + (1 + 1 - -2)?
-3
Evaluate (8 + 2 - -5) + -24.
-9
What is the value of 4 + -6 - ((-6 - (3 + -5)) + -4)?
6
Calculate 31 + -6 + (-1 - 6).
18
-4 + (-9 - -3) + 4 + -8
-14
Evaluate -1 - (6 - 0) - (44 + -49 - 1).
-1
What is (-17 - (-12 + 7 - -7)) + -4 - -6?
-17
What is the value of -22 - (27 + -30 - ((8 - 4) + -2))?
-17
Calculate 6 + -38 + 18 + 10.
-4
Calculate (4 - 2) + 6 - 25.
-17
What is 24 - (24 - 44 - -23)?
21
What is the value of (-11 - (3 - 14)) + -1 + -4 + -3?
-8
What is the value of 1 - -3 - ((-26 - -20) + -4 + -2)?
16
(0 - -8) + -17 + (-11 - -8)
-12
2 + 48 - (517 - 494)
27
1 - -5 - (0 + -1) - (407 + -388)
-12
What is the value of (20 - (18 - (-15 - -18))) + 7 + 0?
12
What is the value of (4 - 16) + 15 - (-2 - (2 + -1))?
6
What is the value of -11 + -4 - (180 + -185)?
-10
Calculate (-4 - (1 + 5)) + 4 - 13.
-19
What is (200 - 224) + -4 + 65?
37
(-15 - (-10 + -9 - -10)) + 1 + -6
-11
What is the value of -5 - (-7 + -1 + (-29 - -43))?
-11
What is (17 - (12 + -12)) + -9?
8
What is the value of -5 + 13 - 15 - -2?
-5
20 - (-11 + 21 - -28)
-18
Calculate 3 - (-8 + -14 + 12).
13
9 - (-10 - -18) - -16 - 8
9
What is 10 + (-22 - (10 + -15))?
-7
What is the value of (-12 + -2 - -39) + -4?
21
What is the value of -2 - (17 - 5) - 2?
-16
What is the value of 1 + -57 + -2134 + 2175?
-15
(-1 + -16 - 8) + 19
-6
What is the value of -25 + (3 + -3 - -3 - (-1 - 2))?
-19
Calculate 9 + (-5 + -16 + 1 - (-3 + -6)).
-2
What is the value of (9 - (-4 + 10)) + -6 + (2 - 12)?
-13
Calculate -7 + 16 + 5 + -13.
1
(-41 - -48 - -24) + -9
22
Calculate 2 + (-9 - -11) + -6 - (-2 + 0).
0
Calculate 0 + -1 - (6 + 1 - (-93 - -98)).
-3
Calculate -2 - (6 - 20 - -35).
-23
What is the value of 11 - (0 + -4 - (1 - 6))?
10
What is -12 + (-7 - (37 + -43 - (2 - 1)))?
-12
1 + 12 + (7 - -7) + -11
16
What is -36 + -24 + (33 - -7)?
-20
What is the value of 7 + -16 - (-3 - 1)?
-5
-5 - 10 - -17 - 2
0
Evaluate 25 - 13 - (6 - -2) - -2 - -2.
8
What is (58 - (-132 + 158)) + (-2 - -1 - 5)?
26
6 + (13 + -22 - 5)
-8
What is 0 - 42 - (119 + -135) - -13?
-13
What is the value of -10 + 8 + 18 - -7?
23
(0 - -1) + (-57 - -26 - -25)
-5
What is the value of -11 + (6 - -9) + -2 + 2 - 0?
4
Calculate -1 - (8 + 0) - (-910 - -909).
-8
Calculate (-6 - (-5 + 4 - (6 + -10))) + 30.
21
29 - ((-38 - -19) + (-2 - -30))
20
What is the value of 0 + (5 - -7 - 24) - (-31 + 3)?
16
What is the value of (-10 - -4) + (-9 - -23)?
8
Calculate -18 - 6 - (-49 - -34).
-9
What is the value of 2 - (4 - ((-9 - (-7 + 2)) + 2))?
-4
What is the value of -1 + -8 + (-2 - ((-12 - -1) + -5))?
5
-145 + 139 - (2 + 0)
-8
Calculate -19 + (2 - 0) - 3 - (20 - 28).
-12
What is the value of (25 - 30) + -18 - -17?
-6
(84 - (132 - 52)) + -1 + (1 - 0)
4
What is 7 + -4 + -3 - (-1 + -3)?
4
What is (-28 - (-1 + -26 + 6)) + 1 + -6?
-12
What is the value of 945 + -938 + (-2 - 0 - -10)?
15
What is -18 + (82 - 35) - 33?
-4
Evaluate -4 - (-15 - -21 - 2).
-8
18 + (-1 - 10) + 2
9
Calculate -2 + (2 - 3) - (28 + (-34 - -16)).
-13
Evaluate (91 - (-80 - -175)) + 1 + -19.
-22
What is (-9 - 0) + (36 - (-11 + 10)) + -6?
22
What is -4 - (6 - -3) - -21?
8
34 + -32 + 22 + 1 + -2
23
(-3 - (-7 - -2) - 13) + -14 + 17
-8
Calculate (-39 - -40) + 9 - (1 + 42).
-33
What is the value of 11 - (-19 - (-32 - -16))?
14
Evaluate (10 + (2 - 8) - -5) + 3.
12
What is -1 - (2 + -9) - (-16 + 11 - 13)?
24
What is the value of -5 - (1 + -2 + (-19 - -8)) - 6?
1
What is -5 + (11 - 16) + (1 - -2)?
-7
-44 - (18 + -28 - 6)
-28
(10 - (2 + 14 + -10)) + 0
4
What is the value of -5 + (26 - 1) + 29 + -32?
17
What is (12 - (5 - -3)) + 0 + -2?
2
What is 3 - (184 + -190 + (0 + 2 - 1))?
8
Calculate -4 - (6 - 14) - (-3 + -8).
15
What is the value of -13 + (8 - (-2 - 8 - -26) - -1)